d derivative of l**4/12 + l**3/2 - l**2/2 - 12*l. What is d(h)?
3
Let b(z) = z**2 - z + 7. Let q = 13 - 10. Let y be -1 - (q*-5)/3. Let i = 4 - y. Give b(i).
7
Let n(x) = x + 4*x**3 - x**2 + x**2. Suppose -3 = -v, -35 - 13 = 3*c + 4*v. Let t = 21 + c. What is n(t)?
5
Suppose -m - 5 = -9. Let h = -6 - -10. Suppose -m*b + 8 = 2*d, 26 = -5*d + 4*d + h*b. Let c(w) = w**3 + 7*w**2 + 6*w + 5. What is c(d)?
5
Let h(b) = -b. Let v(j) = 4*j - 8. Let m(c) = 6*c - 12. Let f(p) = -5*m(p) + 7*v(p). Let n(l) = f(l) - 3*h(l). What is n(-5)?
-1
Let b(g) = g + 40 + 40 - 79. Determine b(4).
5
Let k(l) = -2*l**2 + 4*l - 3. Let i(a) = -a**2 + 5*a - 4. Let z be i(3). Suppose 3 = h + z, -4*h - 6 = -5*o. Let j be k(o). Let t(w) = -w + 2. What is t(j)?
5
Let n(z) = -3*z**2 - 2*z - 1. Let j(f) = 2*f**3 + 2*f**2 - 1. Let m be j(-1). Let o be n(m). Let l(a) = -2*a + 2. Determine l(o).
6
Let d(o) = 6*o**3 - o**2 + o + 1. Let b be 10/35 + 18/(-14). Give d(b).
-7
Let h(k) = k**3 + 4*k**2 + 4*k. Let g = -7 - -4. Determine h(g).
-3
Let p = -3 + 7. Let h(f) = 2 + 4 + p*f - f - f. Calculate h(-5).
-4
Let l(c) be the second derivative of 1/15*c**5 - 1/2*c**2 + 0*c**3 + 0*c**4 - 1/120*c**6 - c + 0. Let j(h) be the first derivative of l(h). Give j(3).
9
Suppose -2*z - x + 8 = -3*x, 3*x = 5*z - 16. Let n = 5 + -3. Let k(t) = 0*t**z - 1 + 3*t + 2 - t**n - 3. What is k(3)?
-2
Let x(h) be the second derivative of -2*h**3/3 + h**2/2 - 2*h. Determine x(4).
-15
Let m(g) = g**3 - 5*g**2 + 2. Let l = -61 + 66. Determine m(l).
2
Let d(l) = l + 6. Let y be d(-7). Let t(j) = 4 + 2*j + 0*j + 2*j. Let g(s) = -7*s - 9. Let p(f) = -3*g(f) - 7*t(f). What is p(y)?
6
Let n(h) = -13*h**2 - 2*h + 8*h**2 - 5 + 0 + h**3. Determine n(5).
-15
Let u(f) = f**2 + f - 6. Let t(s) = -s - 5. Let y be t(0). Give u(y).
14
Let h(k) = -5*k**3 + 2*k**2 - 4*k - 1. Let l(g) = 9*g**3 - 5*g**2 + 8*g + 1. Let j = -1 + -3. Let f(b) = j*l(b) - 7*h(b). Calculate f(5).
8
Suppose -l - l = 0. Suppose -4*a + 8 = -l*a. Let q(m) = -m + 1. Let p(h) = h**2 - 5*h + 6. Let x(g) = -p(g) + 3*q(g). Calculate x(a).
-3
Let i(n) be the second derivative of n**3 + 0 - 1/3*n**4 + n - 1/20*n**5 + 3*n**2. Suppose -5*y + 3*t - 25 = 0, 4 + 21 = -5*y - 3*t. Calculate i(y).
1
Let r(z) = -5*z**3 - z**2 + 1. Suppose s + 4*x + 5 = 2, -3*x + 1 = 4*s. Give r(s).
-5
Let b(j) = 15*j + 5. Let d(n) = -17*n - 6. Let y(f) = 7*b(f) + 6*d(f). Calculate y(2).
5
Let a(k) = -k - 1 - 1 + 1. Let h(u) = -u**2 + 2*u + 2. Let w be h(3). Calculate a(w).
0
Let i be -15*((-2)/(-6))/1. Let a(o) = -o**2 - 3*o + 2. What is a(i)?
-8
Let o be (5/10)/((-2)/(-24)). Let d(h) = 3 + 3*h + o + 0. Determine d(-6).
-9
Let v = 2 + 0. Suppose -2*y - 10 = v. Let i(p) = p + 5. What is i(y)?
-1
Let t(s) = -5 + 3 + 2*s**2 + 1 - 6*s**3. Suppose 18 = -3*g + 63. Suppose 4*n - 7 + 1 = 5*k, -g = 5*n + 5*k. What is t(n)?
7
Let s(r) be the first derivative of -r**3/3 - 3*r**2 - 5*r - 8. Determine s(-6).
-5
Let d = 3 - 1. Suppose 4*y - 13 = f, -y - 8 = -3*y + d*f. Let i(z) = -1 - z + 3*z - y*z + 3*z. Determine i(-4).
-9
Let k = -1 + -2. Let j(v) be the third derivative of -v**5/60 - v**4/6 - 2*v**3/3 - 3*v**2. Give j(k).
-1
Let r(j) = -j**2 - j - 12. Let m(s) = -s**2 - s - 12. Let b(g) = 3*m(g) - 2*r(g). Let x = 0 - 0. Calculate b(x).
-12
Let w = 11 - 8. Let m(q) = -q - 1. Determine m(w).
-4
Let o(v) = v**3 - 3*v**2 + v + 1. Let k = -3 + 7. Let d = -1 + k. Determine o(d).
4
Let f(y) = -35 - 2*y**2 - 6*y + 39 + 3*y**2. Let o be 176/28 + 4/(-14). Calculate f(o).
4
Let y(b) = 4 - b + 14 - 22. Give y(5).
-9
Let t(j) = 3*j + 14. Suppose 63 + 51 = -19*n. What is t(n)?
-4
Suppose 2*h - 7 = 7. Let q be h/2*(0 + 2). Suppose -q = 5*r + 8. Let u(y) = y. What is u(r)?
-3
Let g(k) = -8*k**2 - 2. Let p(u) = 8*u**2 + 3. Let l(i) = -4*g(i) - 3*p(i). Calculate l(-1).
7
Let u(t) = -4*t. Suppose 40*f + 32 = 48*f. Give u(f).
-16
Let a = -1 - 1. Let s be (3/(-2))/(1/a). Let d(l) = -l**2 + 0*l**2 + 0*l**2 + 3*l + s. Calculate d(3).
3
Let c(i) = -4*i + 1 - 4 + 1 + 0. Let w(z) = -2*z - 1. Let l(h) = 3*c(h) - 5*w(h). Determine l(-2).
3
Suppose -13 + 37 = -3*f. Let m be f/(3 + -3 - -1). Let n(o) = o**2 + 7*o - 8. Determine n(m).
0
Let j(w) be the first derivative of w**2 + 2/3*w**3 + 6 - 1/4*w**4 + 2*w. Calculate j(3).
-1
Let f(g) = -2*g - 11. Let v(u) = u + 5. Let q(y) = -3*f(y) - 5*v(y). Determine q(0).
8
Let i be 2/1*(-30)/12. Let l(q) = -q + 4 + q**3 - 4 + 5*q**2 + 3. Give l(i).
8
Suppose -3*y = 0, 4*i - 14 = 2*i + 3*y. Suppose -k + 1 = -2*c + i, k - c + 2 = 0. Let v(w) = -4 + 11 + w**k - 2*w**2 - w - w. What is v(-5)?
-8
Let k = 0 + 2. Let y(b) = -b**2 + 2*b**k - 2*b + 4 + 0. Let h be 3 + -9 + (23 - 14). Determine y(h).
7
Let w(i) be the first derivative of -i**4/4 - i**3/3 - i**2/2 - 9*i + 1. Let v be 5 - -1 - 22/11. Suppose v*y = y. Determine w(y).
-9
Let k(l) = -17*l + 2 + 9*l + 13*l. Suppose 0*m + 4*m = 8, 5*x + 5*m = 20. What is k(x)?
12
Let r(b) be the second derivative of b**5/20 + b**4/12 - b**3/6 + 3*b**2/2 - 7*b. What is r(0)?
3
Suppose -1 = -5*g + 19. Let k(t) = 7*t - 20 - 6*t + 37 - 20. Determine k(g).
1
Let z be (-62)/(-12) - (-3)/(-18). Suppose 5*b - z = 3*b - 5*c, 4*b - 24 = 4*c. Let x(r) = 12*r - r**3 - b*r + 4*r**2 + 0*r**2. Give x(5).
10
Let w(n) = n**2 - 2*n - 1. Let j be 2 + 2 + 0 + -2. Suppose j*x + x = 6. What is w(x)?
-1
Let x(q) = q**3 + 5*q**2 - 7*q - 9. Let p be 6/5 + (-40)/(-50). Suppose 12 = -p*d + 5*a, 2*d - 12 = 4*d - 2*a. Calculate x(d).
-3
Let k(r) be the second derivative of r**3/6 - r**2 + 18*r. Let u(q) = -q - 1. Let b be u(-1). What is k(b)?
-2
Let r(s) = 4*s. Let f(v) = 0*v + 0*v + 3*v + 1. Let p(i) = 5*f(i) - 4*r(i). Give p(5).
0
Let f(t) = 3*t**2 + 2*t + 3. Let o be f(-2). Suppose o = 4*y + 3. Let k(z) = z + 2. Determine k(y).
4
Let h(p) be the third derivative of -p**5/20 - p**4/12 + p**2. Let g be 7/(-4) - ((-42)/(-8) - 5). Calculate h(g).
-8
Let j(z) = 4*z**2 + 11*z + 11. Let t(a) be the first derivative of a**3/3 + 3*a**2/2 + 3*a - 2. Let r(f) = 2*j(f) - 9*t(f). Calculate r(-4).
-1
Suppose 234 = -3*w - r + 2, 5*w + 387 = -2*r. Let h(y) = 133*y**2. Let i(v) = -7*v**2. Let a(q) = w*i(q) - 4*h(q). Determine a(1).
7
Let o be 3/2*(2 - (-2)/(-3)). Let y(f) be the second derivative of -3*f + 0 - 1/12*f**4 + 1/6*f**3 + o*f**2. Determine y(-3).
-8
Let i(u) = -u + 4. Let z(v) = v**3 - v**2 + v - 4. Let b be z(0). Calculate i(b).
8
Let h(f) = -f**2 - f + 6. Suppose 15 = 3*r + 3*q, 3*q = -6*r + 2*r + 20. Suppose w = r*w. Suppose w = -6*c + 2*c. Calculate h(c).
6
Let r(j) = -5*j + 8 + 0*j + 4*j + 0. Give r(7).
1
Let c(x) be the first derivative of 5*x**4/4 + 2*x**3/3 + x**2/2 - 1. Determine c(-1).
-4
Let b(s) = -2*s + 8. Let d(u) = 2*u - 7. Let n(a) = -4*b(a) - 5*d(a). Give n(3).
-3
Let h = 31 - 28. Let b(r) be the second derivative of -2*r + 1/6*r**h + 0 - 2*r**2. What is b(-3)?
-7
Let m = -4 + 7. Let z(k) = -k - 4. Let f(a) = a. Let u(g) = 4*f(g) + z(g). Determine u(m).
5
Let u(n) = 2*n**3 + 3*n - 7. Let f(z) = 3*z**3 - z**2 + 5*z - 13. Let o(g) = 3*f(g) - 5*u(g). Let w = -141 + 138. What is o(w)?
-4
Let y(x) = x**3 + 3*x**2 - 11*x - 9. Let a be y(-5). Let o(m) = m**3 + 2*m**2 - 2*m + 2. Calculate o(a).
-22
Let j(s) = -6*s + 1. Let d(o) = -o - 1. Let u(q) = 2*d(q) - j(q). Let l(h) = -h**3 - 5*h**2 + 6*h + 3. Let x be l(-6). Suppose g + x*g = 8. Calculate u(g).
5
Let b(f) = 2*f + 0 + f**2 - 2*f - 1 - f. Give b(4).
11
Let n(x) = -x**3 - 3*x**2 - x + 1. Let t be (-9)/6*4/(-6). Let z be (t + (-21)/15)*5. Calculate n(z).
-1
Let h(n) = -2*n - 1. Suppose -l = b + 2, 3*b - 7*b + 5*l - 8 = 0. What is h(b)?
3
Let o(w) be the second derivative of -2*w**3/3 + 3*w**2 - 3*w. Calculate o(6).
-18
Let r(g) = -g**2 + 6*g - 5. Let o(a) = -a**2 - a + 4. Let d be o(0). Let i be r(d). Let t(m) = m + i + 2 + 4*m**2 + 3*m - m**3. Determine t(5).
0
Let a(t) = t**2 + 5*t - 8. Suppose -7 = -3*p - 1. Suppose -s - 2*w - 11 = p*s, -3*s + 4*w = 41. What is a(s)?
6
Let j(w) = w**2 - w - 1. Suppose 0 = -3*m + 5*k + 13, 0 = -4*m - k + 53 - 5. Let q(c) = 6*c**2 - 4*c - 5. Let f(v) = m*j(v) - 2*q(v). Determine f(-3).
-1
Let j(r) = r**3 + 4*r**2 - 5*r - 1. Let p(h) = h**2 - 5*h. Let n be p(6). Let q = -11 + n. What is j(q)?
-1
Let v(l) = l**3 - l + 9. Let k be v(0). Let i be k/6*(-10)/(-3). Let o(u) = u + 1. Give o(i